{"id":6813,"date":"2024-03-10T06:19:42","date_gmt":"2024-03-10T05:19:42","guid":{"rendered":"https:\/\/forexzr.com\/?post_type=product&#038;p=6813"},"modified":"2024-09-01T01:23:48","modified_gmt":"2024-08-31T23:23:48","slug":"candel-flux-v-1-licencia-3-meses","status":"publish","type":"product","link":"https:\/\/forexzr.com\/index.php\/producto\/candel-flux-v-1-licencia-3-meses\/","title":{"rendered":"CANDEL FLUX v.1<BR>Licencia 3 Meses"},"content":{"rendered":"<p>CANDEL FLUX es Asesor Experto para Metatrader 4, que realiza trading 100% autom\u00e1tico.<\/p>\n<p>CANDEL FLUX va a operar en funci\u00f3n del precio reflejado en el flujo del mismo que se observa\u00a0 en las velas del gr\u00e1fico, es decir, es un bot que va a realizar muchas operaciones para mantener la operativa cerca del precio y as\u00ed poder seguir la tendencia y aprovechar las oportunidades que nos ofrece este tipo de operativa.<\/p>\n<p>El bot nos va a permitir m\u00faltiples opciones de configuraci\u00f3n, entre las que destacamos selecci\u00f3n del volumen o lote de trabajo, n\u00famero m\u00e1ximo de operaciones, horario de trabajo,&#8230;<\/p>\n<p>Este bot est\u00e1 especialmente dise\u00f1ado para trabajar con cuentas de balance inicial grande, ya que para poder seguir el precio del activo necesitamos poder cubrir con operaciones un amplio rango de precios. En este caso podemos empezar con un capital elevado y as\u00ed obtener resultados reales, o bien, podemos utilizar cuentas CENT, que multiplican x100 nuestro capital inicial y as\u00ed aprovechar las ventajas que nos brinda este bot.<\/p>\n<p>Puede trabajar sobre cualquier par de divisas ya que su configuraci\u00f3n permite adaptarse a diferentes mercados y pares, lo que permite mejorar su rendimiento mediante el uso de configuraciones personalizadas.<\/p>\n<p>Dispone de una consola, que nos muestra la informaci\u00f3n del bot en tiempo real y adem\u00e1s nos permite interactuar con el mismo, a trav\u00e9s de botones que nos van a facilitar el cierre de posiciones a discreci\u00f3n del usuario.<\/p>\n<p>Si bien esta es la primera versi\u00f3n del software, es totalmente funcional y los resultados obtenidos en la pruebas realizadas son muy buenos, en los que hemos obtenido frente a flotantes fijos, beneficios entorno al 10% mensual. El equipo de ForexZR continuar\u00e1 trabajando sobre el algoritmo para mejorar la experiencia del usuario y los resultados obtenidos.<\/p>\n<p>Descubre el futuro del trading con CANDEL FLUX y prep\u00e1rate para experimentar una nueva dimensi\u00f3n de \u00e9xito en tus operaciones financieras.<\/p>\n","protected":false},"excerpt":{"rendered":"<p><span>Descubre CANDEL FLUX, nuestro m\u00e1s reciente Asesor Experto para Metatrader 4. <\/span><\/p>\n<p><span>Este sofisticado robot basado en el flujo del precio a trav\u00e9s de las velas opera a favor de la tendencia obteniendo rentabilidad de las operaciones exitosas y compensando con los beneficios las operaciones desfavorables.\u00a0<\/span><\/p>\n<p><span>Especialmente indicado para cuentas CENT o cuentas de balance inicial grande, que permite posicionar las operaciones del mercado afectando al m\u00ednimo el impacto en el margen.<\/span><\/p>\n<p><span>Se pueden personalizar la operativa a trav\u00e9s de la configuraci\u00f3n y nos permite realizar backtesting de trabajo para ajustar al m\u00e1ximo las variables.<\/span><\/p>\n<p>&nbsp;<\/p>\n","protected":false},"featured_media":6814,"template":"","meta":[],"product_cat":[42],"product_tag":[19,24,22,26,20,25,21,23],"jetpack_sharing_enabled":true,"_links":{"self":[{"href":"https:\/\/forexzr.com\/index.php\/wp-json\/wp\/v2\/product\/6813"}],"collection":[{"href":"https:\/\/forexzr.com\/index.php\/wp-json\/wp\/v2\/product"}],"about":[{"href":"https:\/\/forexzr.com\/index.php\/wp-json\/wp\/v2\/types\/product"}],"wp:featuredmedia":[{"embeddable":true,"href":"https:\/\/forexzr.com\/index.php\/wp-json\/wp\/v2\/media\/6814"}],"wp:attachment":[{"href":"https:\/\/forexzr.com\/index.php\/wp-json\/wp\/v2\/media?parent=6813"}],"wp:term":[{"taxonomy":"product_cat","embeddable":true,"href":"https:\/\/forexzr.com\/index.php\/wp-json\/wp\/v2\/product_cat?post=6813"},{"taxonomy":"product_tag","embeddable":true,"href":"https:\/\/forexzr.com\/index.php\/wp-json\/wp\/v2\/product_tag?post=6813"}],"curies":[{"name":"wp","href":"https:\/\/api.w.org\/{rel}","templated":true}]}}